{"id":205,"date":"2017-04-02T11:03:29","date_gmt":"2017-04-02T09:03:29","guid":{"rendered":"https:\/\/www.conservatorioalmendralejo.es\/oniriaelmusical\/?page_id=205"},"modified":"2019-04-09T15:54:22","modified_gmt":"2019-04-09T13:54:22","slug":"colaboran","status":"publish","type":"page","link":"https:\/\/www.conservatorioalmendralejo.es\/oniriaelmusical\/colaboran\/","title":{"rendered":"Colaboran"},"content":{"rendered":"<div class=\"wpb-content-wrapper\"><p>[vc_row][vc_column][vc_custom_heading text=\u00bbCOLABORAN CON EL PROYECTO\u00bb font_container=\u00bbtag:h1|text_align:center\u00bb use_theme_fonts=\u00bbyes\u00bb][vc_empty_space][\/vc_column][\/vc_row][vc_row][vc_column width=\u00bb1\/2&#8243;][gt3_gallery_packery images=\u00bb793,790,787,789,802,785,784,783,782,781,799&#8243; items_padding=\u00bb5px\u00bb packery_layout=\u00bbpls_6items\u00bb][\/vc_column][vc_column width=\u00bb1\/2&#8243;][vc_column_text]En nombre de cada uno de los integrantes de Oniria \u00abEl Musical\u00bb, nuestro especial agradecimiento a\u00a0colaboradores, promotores, partners, familias y a todos los que en un momento u otro han aportado su granito de arena en Oniria. <strong>Sin ellos, este proyecto jam\u00e1s hubiera visto la luz. \u00a1Gracias!<\/strong><\/p>\n<p style=\"text-align: center;\"><img loading=\"lazy\" class=\"size-medium wp-image-788 aligncenter\" src=\"https:\/\/www.conservatorioalmendralejo.es\/oniriaelmusical\/wp-content\/uploads\/2017\/04\/lc_lienzo_oniria_retocado-300x235-1-300x235.jpg\" alt=\"\" width=\"300\" height=\"235\" \/><\/p>\n<p>[\/vc_column_text][\/vc_column][\/vc_row][vc_row][vc_column][vc_tta_accordion active_section=\u00bb\u00bb collapsible_all=\u00bbtrue\u00bb][vc_tta_section title=\u00bbAdministraciones\u00bb tab_id=\u00bb1491127233534-3b37d0f8-bb8b\u00bb][vc_row_inner][vc_column_inner width=\u00bb1\/2&#8243;][vc_column_text]<img loading=\"lazy\" class=\"alignnone size-medium wp-image-221 aligncenter\" src=\"https:\/\/www.conservatorioalmendralejo.es\/oniriaelmusical\/wp-content\/uploads\/2017\/04\/Logo_JuntaEx_Consejeria-300x85.png\" alt=\"\" width=\"300\" height=\"85\" srcset=\"https:\/\/www.conservatorioalmendralejo.es\/oniriaelmusical\/wp-content\/uploads\/2017\/04\/Logo_JuntaEx_Consejeria-300x85.png 300w, https:\/\/www.conservatorioalmendralejo.es\/oniriaelmusical\/wp-content\/uploads\/2017\/04\/Logo_JuntaEx_Consejeria-768x217.png 768w, https:\/\/www.conservatorioalmendralejo.es\/oniriaelmusical\/wp-content\/uploads\/2017\/04\/Logo_JuntaEx_Consejeria-1024x290.png 1024w\" sizes=\"(max-width: 300px) 100vw, 300px\" \/><\/p>\n<p style=\"text-align: center;\">Junta de Extremadura, Consejer\u00eda de Educaci\u00f3n y Cultura<br \/>\n<a href=\"http:\/\/www.gobex.es\/con04\/\" target=\"_blank\" rel=\"noopener noreferrer\">Website<\/a><\/p>\n<p>[\/vc_column_text][\/vc_column_inner][vc_column_inner width=\u00bb1\/2&#8243;][vc_column_text]<img loading=\"lazy\" class=\"alignnone wp-image-275 size-full aligncenter\" src=\"https:\/\/www.conservatorioalmendralejo.es\/oniriaelmusical\/wp-content\/uploads\/2017\/04\/ayuntamiento-de-almendralejo3.jpg\" alt=\"\" width=\"268\" height=\"257\" \/><\/p>\n<p style=\"text-align: center;\">Ayuntamiento de Almendralejo<br \/>\nTelf.: 924 67 05 07 &#8211; <a href=\"http:\/\/www.almendralejo.es\/\" target=\"_blank\" rel=\"noopener noreferrer\">Website<\/a><\/p>\n<p>[\/vc_column_text][\/vc_column_inner][\/vc_row_inner][\/vc_tta_section][vc_tta_section title=\u00bbAudio\u00bb tab_id=\u00bb1495882040734-508f5728-5161&#8243;][vc_column_text]<img loading=\"lazy\" class=\"wp-image-1047 size-medium aligncenter\" src=\"https:\/\/www.conservatorioalmendralejo.es\/oniriaelmusical\/wp-content\/uploads\/2017\/04\/IMG_20170430_111208-300x169.jpg\" alt=\"\" width=\"300\" height=\"169\" srcset=\"https:\/\/www.conservatorioalmendralejo.es\/oniriaelmusical\/wp-content\/uploads\/2017\/04\/IMG_20170430_111208-300x169.jpg 300w, https:\/\/www.conservatorioalmendralejo.es\/oniriaelmusical\/wp-content\/uploads\/2017\/04\/IMG_20170430_111208-768x432.jpg 768w, https:\/\/www.conservatorioalmendralejo.es\/oniriaelmusical\/wp-content\/uploads\/2017\/04\/IMG_20170430_111208-1024x576.jpg 1024w\" sizes=\"(max-width: 300px) 100vw, 300px\" \/><\/p>\n<p style=\"text-align: center;\">Javier Ramallo<\/p>\n<p>[\/vc_column_text][\/vc_tta_section][vc_tta_section title=\u00bbCentros Educativos\u00bb tab_id=\u00bb1491127408427-8f6c1646-e502&#8243;][vc_row_inner][vc_column_inner width=\u00bb1\/4&#8243;][vc_column_text]<img loading=\"lazy\" class=\"alignnone size-medium wp-image-217 aligncenter\" src=\"https:\/\/www.conservatorioalmendralejo.es\/oniriaelmusical\/wp-content\/uploads\/2017\/04\/escuela-ballet-almendralejo-300x183.jpg\" alt=\"\" width=\"300\" height=\"183\" srcset=\"https:\/\/www.conservatorioalmendralejo.es\/oniriaelmusical\/wp-content\/uploads\/2017\/04\/escuela-ballet-almendralejo-300x183.jpg 300w, https:\/\/www.conservatorioalmendralejo.es\/oniriaelmusical\/wp-content\/uploads\/2017\/04\/escuela-ballet-almendralejo.jpg 345w\" sizes=\"(max-width: 300px) 100vw, 300px\" \/><\/p>\n<p style=\"text-align: center;\">Escuela de Ballet de Almendralejo Pedro Cruz<br \/>\nTelf.: 626 178 975 \/ 630 337 727 &#8211; <a href=\"https:\/\/www.facebook.com\/Escuela-De-Ballet-De-Almendralejo-556571947749568\/\" target=\"_blank\" rel=\"noopener noreferrer\">Perfil de Facebook<\/a><\/p>\n<p>[\/vc_column_text][\/vc_column_inner][vc_column_inner width=\u00bb1\/4&#8243;][vc_column_text]<img loading=\"lazy\" class=\"alignnone size-medium wp-image-218 aligncenter\" src=\"https:\/\/www.conservatorioalmendralejo.es\/oniriaelmusical\/wp-content\/uploads\/2017\/04\/EscuelaImagenKarmenSanchez-300x184.jpg\" alt=\"\" width=\"300\" height=\"184\" srcset=\"https:\/\/www.conservatorioalmendralejo.es\/oniriaelmusical\/wp-content\/uploads\/2017\/04\/EscuelaImagenKarmenSanchez-300x184.jpg 300w, https:\/\/www.conservatorioalmendralejo.es\/oniriaelmusical\/wp-content\/uploads\/2017\/04\/EscuelaImagenKarmenSanchez-768x470.jpg 768w, https:\/\/www.conservatorioalmendralejo.es\/oniriaelmusical\/wp-content\/uploads\/2017\/04\/EscuelaImagenKarmenSanchez.jpg 980w\" sizes=\"(max-width: 300px) 100vw, 300px\" \/><\/p>\n<p style=\"text-align: center;\">Escuela de Imagen Karmen S\u00e1nchez<br \/>\nTelf.: 924 805 647 &#8211; <a href=\"http:\/\/escuelakarmensanchez.es\/\" target=\"_blank\" rel=\"noopener noreferrer\">Website<\/a><\/p>\n<p>[\/vc_column_text][\/vc_column_inner][vc_column_inner width=\u00bb1\/4&#8243;][vc_column_text]<\/p>\n<p style=\"text-align: center;\"><img loading=\"lazy\" class=\"size-medium wp-image-775 aligncenter\" src=\"https:\/\/www.conservatorioalmendralejo.es\/oniriaelmusical\/wp-content\/uploads\/2017\/04\/escuela_arte_merida-270x300.jpg\" alt=\"\" width=\"270\" height=\"300\" srcset=\"https:\/\/www.conservatorioalmendralejo.es\/oniriaelmusical\/wp-content\/uploads\/2017\/04\/escuela_arte_merida-270x300.jpg 270w, https:\/\/www.conservatorioalmendralejo.es\/oniriaelmusical\/wp-content\/uploads\/2017\/04\/escuela_arte_merida-768x853.jpg 768w, https:\/\/www.conservatorioalmendralejo.es\/oniriaelmusical\/wp-content\/uploads\/2017\/04\/escuela_arte_merida-922x1024.jpg 922w, https:\/\/www.conservatorioalmendralejo.es\/oniriaelmusical\/wp-content\/uploads\/2017\/04\/escuela_arte_merida.jpg 1167w\" sizes=\"(max-width: 270px) 100vw, 270px\" \/>Escuela de Arte y Superior de Dise\u00f1o de M\u00e9rida<br \/>\nTelf.: 924 009 864 &#8211; <a href=\"http:\/\/escueladeartemerida.juntaextremadura.net\/\" target=\"_blank\" rel=\"noopener noreferrer\">Website<\/a><\/p>\n<p>[\/vc_column_text][\/vc_column_inner][vc_column_inner width=\u00bb1\/4&#8243;][vc_column_text]<\/p>\n<p style=\"text-align: center;\"><img loading=\"lazy\" class=\"size-medium wp-image-776 aligncenter\" src=\"https:\/\/www.conservatorioalmendralejo.es\/oniriaelmusical\/wp-content\/uploads\/2017\/04\/danza_montijo-300x172.jpg\" alt=\"\" width=\"300\" height=\"172\" srcset=\"https:\/\/www.conservatorioalmendralejo.es\/oniriaelmusical\/wp-content\/uploads\/2017\/04\/danza_montijo-300x172.jpg 300w, https:\/\/www.conservatorioalmendralejo.es\/oniriaelmusical\/wp-content\/uploads\/2017\/04\/danza_montijo.jpg 393w\" sizes=\"(max-width: 300px) 100vw, 300px\" \/>Conservatorio Municipal Profesional de Danza de Montijo<br \/>\nTelf.: 924 456 768\u00a0&#8211; <a href=\"https:\/\/www.facebook.com\/Conservatorio-Municipal-Profesional-De-Danza-De-Montijo-402390553180465\/\" target=\"_blank\" rel=\"noopener noreferrer\">Perfil de Facebook<\/a><\/p>\n<p>[\/vc_column_text][\/vc_column_inner][\/vc_row_inner][\/vc_tta_section][vc_tta_section title=\u00bbFotograf\u00eda\u00bb tab_id=\u00bb1491127428786-f57ee86b-c84a\u00bb][vc_row_inner][vc_column_inner width=\u00bb1\/3&#8243;][vc_column_text]<img loading=\"lazy\" class=\"wp-image-802 size-medium aligncenter\" src=\"https:\/\/www.conservatorioalmendralejo.es\/oniriaelmusical\/wp-content\/uploads\/2017\/04\/jagrillo-300x115.jpg\" alt=\"\" width=\"300\" height=\"115\" srcset=\"https:\/\/www.conservatorioalmendralejo.es\/oniriaelmusical\/wp-content\/uploads\/2017\/04\/jagrillo-300x115.jpg 300w, https:\/\/www.conservatorioalmendralejo.es\/oniriaelmusical\/wp-content\/uploads\/2017\/04\/jagrillo.jpg 550w\" sizes=\"(max-width: 300px) 100vw, 300px\" \/><\/p>\n<p style=\"text-align: center;\">J.A. Grillo Photography<br \/>\n<a href=\"http:\/\/www.jagrillophotography.com\/\" target=\"_blank\" rel=\"noopener noreferrer\">Website<\/a><\/p>\n<p>[\/vc_column_text][\/vc_column_inner][vc_column_inner width=\u00bb1\/3&#8243;][vc_column_text]<\/p>\n<p style=\"text-align: center;\"><img loading=\"lazy\" class=\"size-medium wp-image-772 aligncenter\" src=\"https:\/\/www.conservatorioalmendralejo.es\/oniriaelmusical\/wp-content\/uploads\/2017\/04\/mirofotografos-300x127.jpg\" alt=\"\" width=\"300\" height=\"127\" srcset=\"https:\/\/www.conservatorioalmendralejo.es\/oniriaelmusical\/wp-content\/uploads\/2017\/04\/mirofotografos-300x127.jpg 300w, https:\/\/www.conservatorioalmendralejo.es\/oniriaelmusical\/wp-content\/uploads\/2017\/04\/mirofotografos-768x325.jpg 768w, https:\/\/www.conservatorioalmendralejo.es\/oniriaelmusical\/wp-content\/uploads\/2017\/04\/mirofotografos-1024x434.jpg 1024w, https:\/\/www.conservatorioalmendralejo.es\/oniriaelmusical\/wp-content\/uploads\/2017\/04\/mirofotografos.jpg 1615w\" sizes=\"(max-width: 300px) 100vw, 300px\" \/>Mir\u00f3 Fot\u00f3grafos<br \/>\nTelf.: 924 984 885 &#8211; <a href=\"http:\/\/www.mirofotografos.com\/web\/\" target=\"_blank\" rel=\"noopener noreferrer\">Website<\/a><\/p>\n<p>[\/vc_column_text][vc_column_text]<\/p>\n<p style=\"text-align: center;\"><img loading=\"lazy\" class=\"wp-image-1076 size-medium aligncenter\" src=\"https:\/\/www.conservatorioalmendralejo.es\/oniriaelmusical\/wp-content\/uploads\/2017\/04\/fotografica_ana_blanco_web-300x66.jpg\" alt=\"\" width=\"300\" height=\"66\" srcset=\"https:\/\/www.conservatorioalmendralejo.es\/oniriaelmusical\/wp-content\/uploads\/2017\/04\/fotografica_ana_blanco_web-300x66.jpg 300w, https:\/\/www.conservatorioalmendralejo.es\/oniriaelmusical\/wp-content\/uploads\/2017\/04\/fotografica_ana_blanco_web.jpg 600w\" sizes=\"(max-width: 300px) 100vw, 300px\" \/>Anai Blanco &#8211; <a href=\"https:\/\/www.anaifoto.com\" target=\"_blank\" rel=\"noopener noreferrer\">Website<\/a><\/p>\n<p>[\/vc_column_text][\/vc_column_inner][vc_column_inner width=\u00bb1\/3&#8243;][vc_column_text]<img loading=\"lazy\" class=\"wp-image-799 size-medium aligncenter\" src=\"https:\/\/www.conservatorioalmendralejo.es\/oniriaelmusical\/wp-content\/uploads\/2017\/04\/tan_trankila-300x114.jpg\" alt=\"\" width=\"300\" height=\"114\" srcset=\"https:\/\/www.conservatorioalmendralejo.es\/oniriaelmusical\/wp-content\/uploads\/2017\/04\/tan_trankila-300x114.jpg 300w, https:\/\/www.conservatorioalmendralejo.es\/oniriaelmusical\/wp-content\/uploads\/2017\/04\/tan_trankila.jpg 580w\" sizes=\"(max-width: 300px) 100vw, 300px\" \/><\/p>\n<p style=\"text-align: center;\">Tan Tranquila<br \/>\n<a href=\"https:\/\/tantranquila.es\/\" target=\"_blank\" rel=\"noopener noreferrer\">Website<\/a><\/p>\n<p>[\/vc_column_text][\/vc_column_inner][\/vc_row_inner][\/vc_tta_section][vc_tta_section title=\u00bbVideo\u00bb tab_id=\u00bb1491127506398-ffe836ca-c9bd\u00bb][vc_column_text]<img loading=\"lazy\" class=\"wp-image-774 size-medium aligncenter\" src=\"https:\/\/www.conservatorioalmendralejo.es\/oniriaelmusical\/wp-content\/uploads\/2017\/04\/vitrin-300x93.jpg\" alt=\"\" width=\"300\" height=\"93\" srcset=\"https:\/\/www.conservatorioalmendralejo.es\/oniriaelmusical\/wp-content\/uploads\/2017\/04\/vitrin-300x93.jpg 300w, https:\/\/www.conservatorioalmendralejo.es\/oniriaelmusical\/wp-content\/uploads\/2017\/04\/vitrin-768x239.jpg 768w, https:\/\/www.conservatorioalmendralejo.es\/oniriaelmusical\/wp-content\/uploads\/2017\/04\/vitrin-1024x319.jpg 1024w, https:\/\/www.conservatorioalmendralejo.es\/oniriaelmusical\/wp-content\/uploads\/2017\/04\/vitrin.jpg 1972w\" sizes=\"(max-width: 300px) 100vw, 300px\" \/><\/p>\n<p style=\"text-align: center;\">Vitr\u00edn Studios<br \/>\n<a href=\"https:\/\/www.facebook.com\/VitrinStudios\/?fref=ts\" target=\"_blank\" rel=\"noopener noreferrer\">Perfil de Facebook<\/a><\/p>\n<p>[\/vc_column_text][\/vc_tta_section][vc_tta_section title=\u00bbDise\u00f1o Web, Alojamiento y T.I.\u00bb tab_id=\u00bb1491127508178-7f0cefa3-3f92&#8243;][vc_column_text]<img loading=\"lazy\" class=\"wp-image-779 size-medium aligncenter\" src=\"https:\/\/www.conservatorioalmendralejo.es\/oniriaelmusical\/wp-content\/uploads\/2017\/04\/lcinternet-1-300x72.png\" alt=\"\" width=\"300\" height=\"72\" srcset=\"https:\/\/www.conservatorioalmendralejo.es\/oniriaelmusical\/wp-content\/uploads\/2017\/04\/lcinternet-1-300x72.png 300w, https:\/\/www.conservatorioalmendralejo.es\/oniriaelmusical\/wp-content\/uploads\/2017\/04\/lcinternet-1-768x183.png 768w, https:\/\/www.conservatorioalmendralejo.es\/oniriaelmusical\/wp-content\/uploads\/2017\/04\/lcinternet-1-1024x244.png 1024w, https:\/\/www.conservatorioalmendralejo.es\/oniriaelmusical\/wp-content\/uploads\/2017\/04\/lcinternet-1.png 1857w\" sizes=\"(max-width: 300px) 100vw, 300px\" \/><\/p>\n<p style=\"text-align: center;\">Consultor\u00eda, Asesor\u00eda y Gestor\u00eda T.I. y Comunicaci\u00f3n<br \/>\nTelf.: 924 952 156 &#8211;\u00a0<a href=\"http:\/\/www.lcinternet.es\" target=\"_blank\" rel=\"noopener noreferrer\">Website<\/a><\/p>\n<p>[\/vc_column_text][\/vc_tta_section][vc_tta_section title=\u00bbCuadro, fondo de carteles y cabecera Oniria\u00bb tab_id=\u00bb1491127579883-7baa3c80-a770&#8243;][vc_column_text]<img loading=\"lazy\" class=\"alignnone size-medium wp-image-181 aligncenter\" src=\"https:\/\/www.conservatorioalmendralejo.es\/oniriaelmusical\/wp-content\/uploads\/2017\/04\/lc_lienzo_oniria_retocado-300x235.jpg\" alt=\"\" width=\"300\" height=\"235\" srcset=\"https:\/\/www.conservatorioalmendralejo.es\/oniriaelmusical\/wp-content\/uploads\/2017\/04\/lc_lienzo_oniria_retocado-300x235.jpg 300w, https:\/\/www.conservatorioalmendralejo.es\/oniriaelmusical\/wp-content\/uploads\/2017\/04\/lc_lienzo_oniria_retocado-768x601.jpg 768w, https:\/\/www.conservatorioalmendralejo.es\/oniriaelmusical\/wp-content\/uploads\/2017\/04\/lc_lienzo_oniria_retocado-1024x802.jpg 1024w, https:\/\/www.conservatorioalmendralejo.es\/oniriaelmusical\/wp-content\/uploads\/2017\/04\/lc_lienzo_oniria_retocado.jpg 1900w\" sizes=\"(max-width: 300px) 100vw, 300px\" \/><\/p>\n<p style=\"text-align: center;\">Mar\u00eda \u00c1ngeles Pulido Bermejo<\/p>\n<p>[\/vc_column_text][\/vc_tta_section][\/vc_tta_accordion][\/vc_column][\/vc_row][vc_row][vc_column][vc_text_separator title=\u00bbNuestra menci\u00f3n especial a las familias\u00bb title_align=\u00bbseparator_align_left\u00bb][vc_row_inner][vc_column_inner width=\u00bb1\/2&#8243;][vc_column_text]Nuestra menci\u00f3n especial va dedicada a todos y cada una de las familias. Sin vosotras, Oniria \u00abEl Musical\u00bb nunca hubiera visto la luz.<\/p>\n<p>Gracias por vuestros desplazamientos, vuestras colaboraciones, por los domingos que os hemos robado, por regalarnos\u00a0vuestro tiempo libre y en definitiva por vuestro sacrificio con vuestros hijos e hijas y con el proyecto <strong>Oniria \u00abEl Musical\u00bb.<\/strong><\/p>\n<p style=\"text-align: center;\"><img loading=\"lazy\" class=\"alignnone size-medium wp-image-142\" src=\"https:\/\/www.conservatorioalmendralejo.es\/oniriaelmusical\/wp-content\/uploads\/2017\/03\/logo_oniria_sin_filete-300x115.png\" alt=\"\" width=\"300\" height=\"115\" srcset=\"https:\/\/www.conservatorioalmendralejo.es\/oniriaelmusical\/wp-content\/uploads\/2017\/03\/logo_oniria_sin_filete-300x115.png 300w, https:\/\/www.conservatorioalmendralejo.es\/oniriaelmusical\/wp-content\/uploads\/2017\/03\/logo_oniria_sin_filete.png 538w\" sizes=\"(max-width: 300px) 100vw, 300px\" \/><\/p>\n<p>[\/vc_column_text][\/vc_column_inner][vc_column_inner width=\u00bb1\/2&#8243;][vc_column_text]<img loading=\"lazy\" class=\"wp-image-345 size-large aligncenter\" src=\"https:\/\/www.conservatorioalmendralejo.es\/oniriaelmusical\/wp-content\/uploads\/2017\/04\/seronda-oniriaF-01-1024x683.jpg\" alt=\"\" width=\"940\" height=\"627\" srcset=\"https:\/\/www.conservatorioalmendralejo.es\/oniriaelmusical\/wp-content\/uploads\/2017\/04\/seronda-oniriaF-01-1024x683.jpg 1024w, https:\/\/www.conservatorioalmendralejo.es\/oniriaelmusical\/wp-content\/uploads\/2017\/04\/seronda-oniriaF-01-300x200.jpg 300w, https:\/\/www.conservatorioalmendralejo.es\/oniriaelmusical\/wp-content\/uploads\/2017\/04\/seronda-oniriaF-01-768x512.jpg 768w, https:\/\/www.conservatorioalmendralejo.es\/oniriaelmusical\/wp-content\/uploads\/2017\/04\/seronda-oniriaF-01.jpg 1200w\" sizes=\"(max-width: 940px) 100vw, 940px\" \/>[\/vc_column_text][\/vc_column_inner][\/vc_row_inner][\/vc_column][\/vc_row]<\/p>\n<\/div>","protected":false},"excerpt":{"rendered":"<p>[vc_row][vc_column][vc_custom_heading text=\u00bbCOLABORAN CON EL PROYECTO\u00bb font_container=\u00bbtag:h1|text_align:center\u00bb use_theme_fonts=\u00bbyes\u00bb][vc_empty_space][\/vc_column][\/vc_row][vc_row][vc_column width=\u00bb1\/2&#8243;][gt3_gallery_packery images=\u00bb793,790,787,789,802,785,784,783,782,781,799&#8243; items_padding=\u00bb5px\u00bb packery_layout=\u00bbpls_6items\u00bb][\/vc_column][vc_column width=\u00bb1\/2&#8243;][vc_column_text]En nombre de cada uno de los integrantes de Oniria \u00abEl Musical\u00bb, nuestro especial agradecimiento a\u00a0colaboradores, promotores, partners, familias y a todos los que en un momento u otro han aportado su granito de arena en Oniria. Sin ellos, este proyecto jam\u00e1s hubiera visto [&hellip;]<\/p>\n","protected":false},"author":4,"featured_media":0,"parent":0,"menu_order":0,"comment_status":"closed","ping_status":"closed","template":"","meta":[],"_links":{"self":[{"href":"https:\/\/www.conservatorioalmendralejo.es\/oniriaelmusical\/wp-json\/wp\/v2\/pages\/205"}],"collection":[{"href":"https:\/\/www.conservatorioalmendralejo.es\/oniriaelmusical\/wp-json\/wp\/v2\/pages"}],"about":[{"href":"https:\/\/www.conservatorioalmendralejo.es\/oniriaelmusical\/wp-json\/wp\/v2\/types\/page"}],"author":[{"embeddable":true,"href":"https:\/\/www.conservatorioalmendralejo.es\/oniriaelmusical\/wp-json\/wp\/v2\/users\/4"}],"replies":[{"embeddable":true,"href":"https:\/\/www.conservatorioalmendralejo.es\/oniriaelmusical\/wp-json\/wp\/v2\/comments?post=205"}],"version-history":[{"count":28,"href":"https:\/\/www.conservatorioalmendralejo.es\/oniriaelmusical\/wp-json\/wp\/v2\/pages\/205\/revisions"}],"predecessor-version":[{"id":1175,"href":"https:\/\/www.conservatorioalmendralejo.es\/oniriaelmusical\/wp-json\/wp\/v2\/pages\/205\/revisions\/1175"}],"wp:attachment":[{"href":"https:\/\/www.conservatorioalmendralejo.es\/oniriaelmusical\/wp-json\/wp\/v2\/media?parent=205"}],"curies":[{"name":"wp","href":"https:\/\/api.w.org\/{rel}","templated":true}]}}